multiple of 78?
True
Does 118 divide 193402?
True
Is 3101 even?
False
Is 4032123 a multiple of 13?
False
Does 54 divide 440463?
False
Is 17 a factor of 616459?
False
Is 6 a factor of 277853?
False
Is 64065 a multiple of 10?
False
Is 105 a factor of 564795?
True
Is 217152 a multiple of 348?
True
Is 140208 a multiple of 16?
True
Does 293 divide 252859?
True
Is 13382099 a multiple of 8?
False
Is 4 a factor of 589768?
True
Is 241 a factor of 999269?
False
Does 24 divide 238008?
True
Is 203490 a multiple of 399?
True
Is 600778 a multiple of 107?
False
Does 21 divide 277135?
False
Is 103 a factor of 680933?
True
Does 35 divide 41825?
True
Is 3 a factor of 1329859?
False
Is 3321040 a multiple of 201?
False
Is 155 a factor of 924192?
False
Does 15 divide 1316150?
False
Is 878339 a multiple of 106?
False
Is 178946 a multiple of 262?
True
Is 3802354 a multiple of 72?
False
Is 3 a factor of 304053?
True
Is 9 a factor of 679113?
True
Is 35 a factor of 12249?
False
Is 97216 a multiple of 32?
True
Is 6 a factor of 281958?
True
Is 54 a factor of 254522?
False
Is 158993 even?
False
Is 1477362 a multiple of 22?
False
Is 54 a factor of 203123?
False
Is 190 a factor of 194370?
True
Is 8 a factor of 239032?
True
Does 358 divide 240271?
False
Does 21 divide 4057284?
True
Is 58875 a multiple of 482?
False
Is 410 a factor of 145550?
True
Is 4 a factor of 86329?
False
Does 906 divide 6906438?
True
Does 3 divide 72842?
False
Is 60 a factor of 2574601?
False
Is 10286233 a multiple of 17?
False
Does 64 divide 448?
True
Is 43 a factor of 9142127?
False
Is 1786 a factor of 79100?
False
Is 69 a factor of 2950578?
True
Is 8 a factor of 16043?
False
Is 58611 a multiple of 18?
False
Is 1590380 a multiple of 110?
True
Is 5016221 a multiple of 7?
True
Is 26 a factor of 51065?
False
Does 97 divide 3074760?
False
Is 80642 a multiple of 10?
False
Is 77 a factor of 1759527?
True
Is 244 a factor of 3642676?
True
Is 9 a factor of 311679?
True
Is 636822 a multiple of 81?
True
Is 21 a factor of 5019691?
False
Is 56015 a multiple of 40?
False
Is 87 a factor of 1627021?
False
Does 14 divide 369004?
False
Does 13 divide 1329048?
False
Is 3102080 a multiple of 524?
True
Is 35 a factor of 5839960?
True
Does 28 divide 3875536?
True
Is 84 a factor of 712729?
False
Does 3 divide 87758?
False
Is 79 a factor of 4279?
False
Is 2 a factor of 7006?
True
Is 2529090 a multiple of 27?
True
Does 5 divide 108512?
False
Does 3 divide 442002?
True
Is 259045 a multiple of 32?
False
Is 11 a factor of 3390818?
False
Is 19 a factor of 162793?
False
Is 132 a factor of 103235?
False
Is 7255 a multiple of 5?
True
Is 241888 a multiple of 16?
True
Is 36 a factor of 157644?
True
Does 15 divide 788618?
False
Does 733 divide 5657813?
False
Is 3111185 even?
False
Is 1574268 a multiple of 13?
False
Is 7633 a multiple of 17?
True
Is 3 a factor of 19552?
False
Does 8 divide 714768?
True
Is 10611018 a multiple of 33?
True
Is 16825 a multiple of 113?
False
Does 200 divide 359200?
True
Is 267375 a multiple of 15?
True
Is 19 a factor of 6995971?
True
Is 48 a factor of 558816?
True
Is 15 a factor of 86341?
False
Is 1405986 a multiple of 533?
False
Is 11437636 a multiple of 124?
True
Is 9039 a multiple of 2?
False
Does 44 divide 2403104?
True
Is 384716 a multiple of 46?
False
Does 7 divide 3831512?
False
Is 22 a factor of 15114?
True
Is 7 a factor of 53703?
False
Is 135 a factor of 29160?
True
Does 72 divide 7169585?
False
Does 27 divide 12380?
False
Is 296 a factor of 417064?
True
Is 22 a factor of 130196?
True
Is 32186 a multiple of 266?
True
Does 145 divide 1183055?
True
Is 2816726 a multiple of 226?
False
Does 119 divide 56406?
True
Is 760 a factor of 848920?
True
Is 11 a factor of 1689442?
False
Does 101 divide 478740?
True
Is 12876964 a multiple of 46?
True
Does 134 divide 37520?
True
Is 16 a factor of 27360?
True
Does 487 divide 407619?
True
Is 49 a factor of 34594?
True
Does 83 divide 402628?
False
Is 1880476 a multiple of 754?
True
Is 146 a factor of 8835351?
False
Is 7 a factor of 224433?
False
Is 20 a factor of 13682093?
False
Is 35 a factor of 40702?
False
Is 198443 even?
False
Is 35 a factor of 1477455?
True
Is 39 a factor of 133881?
False
Is 11843 even?
False
Is 33 a factor of 216513?
True
Is 10488210 a multiple of 410?
True
Is 95 a factor of 6558552?
False
Is 28 a factor of 3076576?
False
Does 2 divide 1790?
True
Does 19 divide 61276?
False
Does 9 divide 144576?
True
Is 19 a factor of 7969360?
True
Is 34722 a multiple of 110?
False
Does 5 divide 96048?
False
Does 6 divide 1859255?
False
Is 4069571 a multiple of 187?
False
Is 22207 a multiple of 41?
False
Is 917391 a multiple of 34?
False
Is 9376500 a multiple of 125?
True
Does 11 divide 342421?
False
Is 13 a factor of 3287548?
False
Does 55 divide 1124606?
False
Is 3466836 a multiple of 450?
False
Is 198090 a multiple of 15?
True
Is 8 a factor of 121874?
False
Is 15 a factor of 191041?
False
Does 94 divide 201348?
True
Is 582445 even?
False
Is 684285 a multiple of 42?
False
Does 149 divide 662603?
True
Does 684 divide 2297056?
False
Is 2255736 a multiple of 174?
True
Does 292 divide 1820098?
False
Does 2 divide 40423?
False
Is 172 a factor of 1405068?
True
Is 91712 a multiple of 16?
True
Does 15 divide 1279440?
True
Does 13 divide 1405948?
False
Is 5 a factor of 413900?
True
Is 3 a factor of 178131?
True
Is 56014 a multiple of 11?
False
Is 157 a factor of 4582611?
False
Is 61 a factor of 161370?
False
Is 118328 a multiple of 7?
True
Is 252 a factor of 8380512?
True
Does 371 divide 539063?
True
Is 102 a factor of 1962820?
False
Is 70 a factor of 3095?
False
Is 410639 a multiple of 28?
False
Is 306821 a multiple of 2?
False
Does 21 divide 21774?
False
Is 58308 a multiple of 172?
True
Does 470 divide 83190?
True
Is 4591730 a multiple of 169?
True
Is 79 a factor of 358897?
True
Does 8 divide 1052616?
True
Is 683736 a multiple of 3?
True
Does 40 divide 2216584?
False
Does 10 divide 6084986?
False
Is 7557 a multiple of 229?
True
Does 31 divide 290561?
False
Does 18 divide 1542046?
False
Does 458 divide 378679?
False
Does 38 divide 310042?
True
Is 236093 a multiple of 2?
False
Is 1604510 a multiple of 1405?
True
Is 1325 a factor of 4589878?
False
Is 2 a factor of 919049?
False
Is 3296630 a multiple of 41?
False
Is 26 a factor of 51454?
True
Does 3 divide 37324?
False
Is 13934 a multiple of 109?
False
Is 181 a factor of 142628?
True
Is 104076 a multiple of 441?
True
Is 1144311 a multiple of 543?
False
Is 59611 a multiple of 84?
False
Is 212863 a multiple of 647?
True
Is 149 a factor of 3728129?
True
Is 38 a factor of 891404?
True
Is 79002 a multiple of 458?
False
Does 12 divide 1693090?
False
Is 190 a factor of 163970?
True
Is 432 a factor of 489456?
True
Is 24517807 a multiple of 502?
False
Is 623 a factor of 218769?
False
Is 708377 a multiple of 19?
True
Is 208985 a multiple of 5?
True
Is 48 a factor of 315552?
True
Is 536 a factor of 1327136?
True
Is 347512 a multiple of 22?
True
Is 55 a factor of 2039088?
False
Is 13731393 a multiple of 39?
True
Is 1302076 a multiple of 199?
False
Is 5 a factor of 8811?
False
Does 6 divide 30810?
True
Is 3360905 even?
False
Is 1063132 a multiple of 43?
True
Is 1161 a factor of 622733?
False
Is 405682 a multiple of 22?
False
Is 20 a factor of 445760?
True
Is 1517 a factor of 3368639?
False
Is 108 a factor of 489875?
False
Does 72 divide 119088?
True
Does 316 divide 2136071?
False
Does 272 divide 1231888?
True
Is 12 a factor of 194261?
False
Is 12013938 a multiple of 347?
False
Is 8964290 a multiple of 113?
True
Is 520157 a multiple of 51?
False
Is 27 a factor of 250911?
True
Is 2821728 a multiple of 229?
False
Is 2104629 a multiple of 287?
False
Is 206 a factor of 116390?
True
Is 251040 a multiple of 8?
True
Does 67 divide 2785524?
False
Is 581360 a multiple of 6?
False
Does 27 divide 12744?
True
Does 91 divide 18078?
False
Does 28 divide 5501869?
False
Is 3 a factor of 225982?
False
Is 592 a factor of 79328?
True
Is 5096798 a multiple of 742?
True
Is 5301334 a multiple of 25?
False
Is 68855 a multiple of 580?
False
Does 59 divide 268023?
False
Is 1084683 a multiple of 8?
False
Is 16 a factor of 4469616?
True
Does 3 divide 1370328?
True
Is 23 a factor of 7814618?
True
Does 2 divide 2943397?
False
Is 15 a factor of 2596779?
False